90. Calculate n(3).
4
Let f(j) = j**3 - 4*j**2 - 28284*j + 84864. Calculate f(3).
3
Let i(q) = 930*q + 449434. Determine i(-483).
244
Let z(l) = -l**2 + 84*l + 698. Calculate z(94).
-242
Let d(u) = -125375*u - 752291. What is d(-6)?
-41
Let l(z) = -4010*z + 220642. What is l(55)?
92
Let t(a) = -a**2 - 64*a - 635. Give t(-28).
373
Let b(s) = s**3 - 10*s**2 + 45*s - 626. Calculate b(11).
-10
Let h(y) = 7568*y**3 - 97*y + 97. Calculate h(1).
7568
Let p(m) = -m**3 - 695*m**2 + 4184*m - 15392. Determine p(-701).
30
Let x(u) = -4736*u + 37898. Give x(8).
10
Let h(l) = 528*l - 3405. Calculate h(6).
-237
Let k(n) = n**2 - 19153*n + 497304. What is k(26)?
2
Let k(b) = 101*b + 22290. What is k(-222)?
-132
Let a(s) = 3*s**3 - 1828*s**2 + 665*s - 34368. Calculate a(609).
-264
Let j(v) = -3375*v + 104405. Give j(33).
-6970
Let f(a) = -2850*a - 82589. Give f(-29).
61
Let k(c) = 3985*c - 908587. Determine k(228).
-7
Let z(f) = f**2 + 12*f - 18. Calculate z(-16).
46
Let i(s) = -105*s - 9185. Determine i(-89).
160
Let q(y) = 2*y**3 + 5*y**2 - 166*y - 209. Give q(-10).
-49
Let w(k) = -k**2 - 81*k - 640. Calculate w(-46).
970
Let l(n) = -98*n**2 + 98*n + 306. What is l(-3)?
-870
Let l(j) = -28*j**2 - 244*j - 10. Calculate l(-2).
366
Let a(l) = 65650*l + 7484097. Give a(-114).
-3
Let j(a) = 7825*a - 2191004. Determine j(280).
-4
Let g(t) = -22*t**3 - 7*t**2 + 2*t + 2. Give g(2).
-198
Let u(a) = 223*a + 2594. Give u(-7).
1033
Let c(p) = -2*p**2 + 118*p + 6473. Determine c(-35).
-107
Let u(x) = -8993*x - 35979. Give u(-4).
-7
Let s(m) = 38*m**2 - 19368*m - 6114. Determine s(510).
6
Let k(t) = 2*t**3 + 211*t**2 - 334*t - 1470. What is k(-107)?
-79
Let p(k) = 8518*k - 894395. Determine p(105).
-5
Let u(w) = w**2 + 9705*w + 77586. Calculate u(-8).
10
Let j(q) = -23*q**3 - 34*q**2 - 1127. Determine j(0).
-1127
Let i(w) = 3*w**3 + 96*w**2 - 177*w + 179. Determine i(-34).
-739
Let k(y) = 2453722*y - 26990936. Give k(11).
6
Let q(z) = z**2 - 3721*z - 142835. Calculate q(-38).
7
Let r(y) = -194*y**2 - 6755*y + 120596. Give r(13).
-5
Let h(v) = 4089*v + 24852. Determine h(-6).
318
Let s(o) = 537838*o - 537848. Calculate s(1).
-10
Let f(w) = 683*w + 19024. Determine f(-28).
-100
Let v(y) = 1796*y + 12882. What is v(-8)?
-1486
Let f(k) = 43*k - 802. Calculate f(24).
230
Let p(m) = -522*m - 6178. Calculate p(-11).
-436
Let i(z) = 99*z - 461. Give i(6).
133
Let z(j) = j**2 + 3302*j + 1352223. Give z(-479).
6
Let p(l) = -4*l**3 + 32*l**2 + 75*l - 61. Give p(-3).
110
Let r(n) = -n**3 - 236*n**2 + 1935*n + 56820. What is r(-243)?
-42
Let l(f) = 5647*f - 547788. What is l(97)?
-29
Let d(r) = -2*r**2 - 160*r + 84974. Give d(-250).
-26
Let q(v) = 434345*v + 1303037. Calculate q(-3).
2
Let x(l) = -l**3 + 112*l**2 - 572*l + 120057. What is x(116)?
-119
Let w(j) = -4*j**3 - 1396*j + 11. Determine w(0).
11
Let w(i) = 2261*i - 30400. Determine w(13).
-1007
Let a(r) = r**3 - 115*r**2 - 134*r + 1482. What is a(116)?
-606
Let t(l) = 1096*l + 60268. Calculate t(-55).
-12
Let n(o) = -10*o**3 + 109*o**2 + 215*o + 33. Determine n(12).
1029
Let v(l) = 388*l**2 + 3456*l + 22. What is v(-9)?
346
Let f(r) = 2*r**3 + 99*r**2 + 465*r + 20393. Calculate f(-49).
9
Let j(r) = -r**2 - 8096*r - 2421129. Determine j(-311).
6
Let v(t) = 4330*t + 1450396. Give v(-335).
-154
Let q(v) = -45077*v - 45078. Calculate q(-1).
-1
Let v(d) = -2*d**3 + 147*d**2 - 129*d - 25271. What is v(70)?
-1
Let y(d) = 18*d**2 - 5763*d + 17300. Determine y(3).
173
Let y(o) = -16931*o - 778834. Give y(-46).
-8
Let x(n) = 6*n**2 - 3512*n - 27899. Determine x(-8).
581
Let f(y) = -1341*y + 5259. Calculate f(4).
-105
Let u(d) = d**3 - 596*d**2 + 22757*d - 1099. Give u(555).
11
Let k(b) = 14*b**2 + 143*b - 19. What is k(-10)?
-49
Let o(q) = q**3 + 16*q**2 + 591*q + 6584. Give o(-12).
68
Let y(k) = -7*k**2 - 26215*k + 78717. Give y(3).
9
Let v(s) = 3*s**2 + 29538*s + 118142. Give v(-4).
38
Let k(q) = 30*q**2 - 213*q - 1325. What is k(-4)?
7
Let k(u) = -3*u**3 - 666*u**2 + 113*u + 25124. Calculate k(-222).
38
Let x(v) = v**2 - 40*v - 516. Determine x(34).
-720
Let z(a) = -45*a**3 - a**2 - 55*a - 101. Give z(-2).
365
Let k(y) = -830*y + 49799. Determine k(60).
-1
Let a(s) = 58*s**2 - 1189*s + 5442. Determine a(7).
-39
Let a(s) = 1965*s + 157151. Calculate a(-80).
-49
Let r(k) = -3*k**2 + 186*k + 29252. Determine r(-72).
308
Let c(u) = 2*u**3 - 201*u**2 + 15*u + 8516. Give c(100).
16
Let v(h) = 2*h**3 + 21*h**2 + 58*h - 34. Calculate v(-9).
-313
Let s(n) = -12*n**3 + 973*n**2 - 1094*n + 4303. Determine s(80).
-17
Let c(k) = 20*k**2 - 205*k - 13. Give c(0).
-13
Let q(p) = 34471*p + 137958. What is q(-4)?
74
Let j(h) = 116*h - 14504. Determine j(126).
112
Let k(n) = -7*n**2 + 63*n + 264. Give k(21).
-1500
Let f(p) = -3*p**2 + 10542*p - 42174. Give f(4).
-54
Let f(h) = h**3 + 748*h - 1501. Calculate f(2).
3
Let v(k) = -9*k**3 - 163*k**2 + 16*k + 225. Give v(-18).
-387
Let p(u) = -u**3 - 886*u**2 + 1870*u - 180. Determine p(2).
8
Let f(x) = -2*x**2 + 33*x + 336. Give f(-22).
-1358
Let u(i) = -4*i**3 + 708*i**2 + 2851*i + 8141. What is u(181)?
-4
Let l(k) = k**2 - 2805*k - 166082. Give l(-58).
-28
Let h(u) = -173*u - 11795. Give h(-64).
-723
Let j(x) = -2*x**2 - 233*x - 1450. Determine j(-109).
185
Let k(w) = 5*w**2 + 610*w + 16405. What is k(-40)?
5
Let u(r) = 1117*r - 3541. What is u(1)?
-2424
Let c(g) = -g**3 + 81*g**2 - 626*g - 842. What is c(10)?
-2
Let k(u) = -7119*u + 135321. Determine k(19).
60
Let m(t) = 701*t - 23537. Determine m(33).
-404
Let f(m) = -27*m**2 + 2940*m - 5351. What is f(107)?
106
Let c(f) = -1088*f**3 + 3*f**2 - 15*f + 14. Calculate c(1).
-1086
Let v(q) = -8664*q + 60630. Give v(7).
-18
Let s(i) = -5*i**2 + 140*i - 789. Calculate s(6).
-129
Let j(b) = -b**2 + 188*b - 4709. Calculate j(30).
31
Let t(y) = -105*y + 2295. What is t(21)?
90
Let f(i) = -6382*i - 44185. What is f(-7)?
489
Let h(w) = 14099*w - 140797. Determine h(10).
193
Let b(f) = 13352*f + 93391. Give b(-7).
-73
Let v(y) = 54*y + 2821. Give v(-53).
-41
Let b(y) = -11*y**2 - 1074*y + 1522. What is b(-99)?
37
Let l(x) = -x**2 - 155*x + 788. Give l(5).
-12
Let c(u) = -u**3 - 74*u**2 + 6*u + 7. What is c(0)?
7
Let h(m) = -493791*m - 8394454. What is h(-17)?
-7
Let v(m) = -3*m**2 + 2643*m + 227530. Determine v(960).
10
Let h(j) = 7*j**2 - j - 256. What is h(11)?
580
Let o(d) = -27057*d - 4004442. What is o(-148)?
-6
Let n(r) = -r**3 + 307*r**2 + 13880*r + 355. Calculate n(347).
355
Let h(s) = -25*s**2 + 133443*s - 133445. Give h(1).
-27
Let x(t) = 40*t**3 + 5*t**2 - 1878*t + 3751. Calculate x(2).
335
Let z(k) = -2*k**3 - 4*k**2 + 20*k - 1463. Determine z(-11).
495
Let s(b) = -143026*b - 858133. Determine s(-6).
23
Let g(h) = 7*h**3 + 14*h**2 + 8*h - 32. Give g(-5).
-597
Let p(g) = -12308*g - 37102. What is p(-3)?
-178
Let k(m) = -3*m**3 + 137*m**2 + 891*m - 36. What is k(-6)?
198
Let m(u) = 154*u + 552. What is m(-5)?
-218
Let m(s) = -13*s**2 - 1982*s + 7927. Give m(4).
-209
Let a(m) = -4*m**3 + 82*m**2 - 7*m + 207. Calculate a(19).
2240
Let w(a) = -227*a**2 - 2843*a - 55. Determine w(-12).
1373
Let l(x) = -39*x**2 - 2059*x + 244. Give l(-53).
-180
Let i(v) = -5*v**3 + 287*v**2 + 470*v + 160. Calculate i(59).
42
Let y(d) = d**2 - 820*d + 22593. Give y(29).
-346
Let z(k) = -7*k**2 + 1156*k - 26239. What is z(138)?
-19
Let l(v) = 3282*v - 12582. Calculate l(4).
546
Let d(g) = -298243*g + 7754363. Determine d(26).
45
Let s(n) = 4992*n + 119853. Give s(-24).
45
Let m(c) = -30*c**2 + 1702*c - 1254. Calculate m(56).
-22
Let t(j) = 2954*j - 44167. Calculate t(15).
143
Let a(u) = u**3 + 1135*u**2 + 4401*u - 496. What is a(-4)?
-4
Let i(m) = 5*m**3 - 28*m**2 + 105*m. What is i(8)?
1608
Let k(d) = 2*d**3 - 60*d**2 - 419*d - 591. Determine k(-4).
-3
Let c(g) = 5*g**3 - 256*g**2 + 65*g - 660. Determine c(51).
54
Let n(f) = 4*f**3 + 57*f**2 - 73*f + 16. Determine n(1).
4
Let f(k) = -5*k**3 + 39*k**2 - 4*k + 140. Give f(8).
44
Let x(z) = -819*z + 16609. Calculate x(20).
229
Let x(f) = -1633*f - 22926. Calculate x(-14).
-64
Let m(u) = u**2 + 972*u + 18120. What is m(-19)?
13
Let p(b) = 193*b**3 - 3164*b**2 + 1210*b + 98. Give p(16).
2
Let n(p) = p**3 - 51*p**2 + 3188*p - 208374. Determine n(58).
78
Let u(m) = 12080*m - 12304. What is u(1)?
-224
Let a(u) = -9*u**2 + 143*u + 